d by 15.
11
Let h(c) = -c**3 - 11*c**2 - 3*c + 4. Let s be h(-3). Let g = 17 - s. Calculate the remainder when g is divided by 16.
12
Let p(a) be the second derivative of 3*a**4/4 - 5*a**3/2 - 9*a**2/2 + 17*a. Let i = -21 - -34. Calculate the remainder when p(4) is divided by i.
10
Calculate the remainder when 43 is divided by ((-165)/(-45))/(-1 - (-28)/24) + -2.
3
What is the remainder when (-6920)/(-1 + -9) + 0 + -8 + 2 is divided by 58?
48
Suppose 0 = 7*k + 8*k - 3525. Suppose -7 - 42 = -a + 3*d, 5*d + k = 5*a. Calculate the remainder when a is divided by 17.
12
Suppose -4*h - 4*u + 5 + 7 = 0, 0 = 4*u - 12. Let j(t) = 13*t + 175. What is the remainder when j(h) is divided by 94?
81
Let t = 39 - -30. Suppose 0 = -10*g + 314 + 46. Calculate the remainder when t is divided by g.
33
Let d(r) = -4*r - 148 + 150 - r. Calculate the remainder when 29 is divided by d(-1).
1
Suppose 28*i - 1522 = 3294. What is the remainder when i is divided by 34?
2
Let h(o) = -o**3 - 6*o**2 - 3*o - 4. Let n be h(-6). Suppose -2*v = n + 54. Let q = v - -57. What is the remainder when 90 is divided by q?
21
Let s(i) = i + 12. Suppose -2*p + 4*b + 0*b = 276, 0 = p + 4*b + 162. Let n = -87 - p. Calculate the remainder when n is divided by s(9).
17
Let i(s) = -s**3 - 7*s**2 - 22*s - 94. What is the remainder when 157 is divided by i(-6)?
1
Let h(a) = 2310*a + 9356. Calculate the remainder when 2433 is divided by h(-4).
113
Suppose -6*t + t + 26 = 2*s, 5*s - 3*t = 3. Let q be -5*(-5)/(25/s). What is the remainder when (-3)/(q/(-2)) - (-3 + -40) is divided by 13?
6
Let x(h) = -80*h - 4894. Calculate the remainder when x(-64) is divided by 72.
10
Let v(u) = 7*u**3 - 12*u - 11. Let s be v(-1). Let l(k) be the first derivative of -4*k**2 - 25*k + 4. What is the remainder when 40 is divided by l(s)?
17
What is the remainder when (16 + -14)*9 + 1236 is divided by 321?
291
Suppose 0 = 5*d + p - 9897, 5*p = 7*d - 10*d + 5925. Suppose -67*m = -79*m + d. Calculate the remainder when m is divided by 21.
18
Suppose -w = o - 28, -4*o + 4*w - 19 = -5*o. What is the remainder when o is divided by -1*(8 + -4 - 11)?
3
Suppose -a - i + 11 = -7, -4*i = -4*a + 96. Let o be 1 + 26/(-22) + 1722/154. Suppose 0 = 9*f - o*f + 120. What is the remainder when f is divided by a?
18
Let a be (2/2)/((-2)/(-6)). Suppose 2*d = -3*p + 86, a*d + 62 = 3*p - d. What is the remainder when 23190/300 - 96/320 is divided by p?
25
Let s(d) = -1. Let y = -28 - -29. Let u(l) = l**2 - 2*l - 16. Let o(f) = y*u(f) - 5*s(f). Calculate the remainder when o(-8) is divided by 14.
13
Let z = 5820 - 5724. Calculate the remainder when 188 is divided by z.
92
Suppose 7 = 4*u + w - 67, -3*w - 84 = -5*u. Calculate the remainder when u is divided by 5.
3
Suppose 61 = -9*l - 983. Let f = -73 - l. What is the remainder when f is divided by 16?
11
Let m(u) = 2*u**2 - 25*u + 25. Let t be m(12). Let s(f) = -2*f**3 + 28*f**2 - 12*f + 27. What is the remainder when s(t) is divided by 24?
17
Let f be (-2462)/(-11) + 3*16/264. What is the remainder when 83 is divided by (-3)/2*f/(-12)?
27
Let l(h) = 7*h - 1. Let r be l(7). Suppose -r = -4*s - 0*s. Let x = 3269 + -3255. What is the remainder when x is divided by s?
2
Suppose -r - 102 = -5*k + 86, -5*k + 184 = -3*r. What is the remainder when 1054 is divided by k?
28
Let v(c) be the second derivative of c**4/4 + c**3 + c**2/2 + 3*c. Let y(w) = 2*w + 3. Let h be y(-3). Calculate the remainder when v(h) is divided by 4.
2
Let n(x) = 2*x - 2. Let o be n(7). Suppose -d + 167 = -3*q + 8*q, -200 = -6*q - d. Calculate the remainder when ((-1016)/o)/(6/(-9)) is divided by q.
28
Let r(t) = -t. Let v(d) = -5*d + 41. Let n(a) = -4*r(a) + v(a). Calculate the remainder when n(0) is divided by 27.
14
Suppose 0 = 7*c - 13 - 99. Suppose 4*y - 336 = 609*i - 613*i, -3*y = 2*i - 255. What is the remainder when y is divided by c?
7
Let d(q) be the third derivative of -5*q**4/24 + 29*q**3/6 + 15*q**2. Suppose -5*r + 73 = 108. Calculate the remainder when d(r) is divided by 11.
9
Suppose z - 95*t - 198 = -90*t, 5*z = 2*t + 944. What is the remainder when z is divided by 536/14 - (-2)/(-7)?
36
Suppose -11*y + 34 + 59 + 28 = 0. Let s(h) = h + 24. Let d be s(-12). Suppose -d*j + 428 = -8*j. What is the remainder when j is divided by y?
8
Let m = -63 + 66. Suppose -m*w - 13*w + 960 = 0. Calculate the remainder when w is divided by 23.
14
Suppose -13*l - 752 = -s - 12*l, -3*s = -2*l - 2254. What is the remainder when s is divided by 168?
78
Calculate the remainder when 571 is divided by (1/((-4)/(-53)))/((-31)/3348*-9).
94
Suppose 3*b - 58 = 14. Suppose 0 = -78*w + 81*w - 348. What is the remainder when w is divided by b?
20
Let p(o) = -o**3 - 7*o**2 - 10*o - 8. Let d = 197 + -233. Calculate the remainder when ((-69)/46)/(2/d) is divided by p(-6).
11
Let p = -1714 + 1877. Calculate the remainder when 618 is divided by p.
129
What is the remainder when 98 is divided by (10/(-8)*(-6)/1)/((-5361)/(-57184))?
18
Suppose 3*m - 222 = 3*n, -n = -5*m + 273 + 81. Suppose -3*v - 23 = -5*k, 0 + 13 = -2*v + k. Let h = v + 30. What is the remainder when m is divided by h?
22
Let u(w) = 2*w**2 - 105*w - 379. Calculate the remainder when u(-31) is divided by 10.
8
Suppose -2491*q + 4135 + 1169 = -2483*q. Calculate the remainder when q is divided by 8.
7
Let m(u) = -4*u**2 - 20*u - 16. Let a be m(-5). Let c(t) = 3*t**2 + 39*t + 9. Calculate the remainder when c(a) is divided by 26.
23
Suppose 0 = -2*f + f + n, 3*n = -f. Suppose f = 19*p - 14*p - 145. Calculate the remainder when 3/((-3)/85)*-1 is divided by p.
27
Let z = 1416 + 8953. Calculate the remainder when z is divided by 19.
14
Let m = -32 - -26. Let f(i) = 2*i**3 + 14*i**2 + 10*i. Let z be f(m). Calculate the remainder when (2904/z)/(3 + -1) is divided by 41.
39
Let l be ((-4)/(-12))/(2/444). Let j = l + -150. Let h = j - -78. Calculate the remainder when 10 is divided by h.
0
Suppose 2*y + 2876492 = 253*y + 41*y. What is the remainder when y is divided by 27?
23
Let f be 203/(-3) + 1 + (-12)/9. Calculate the remainder when 2703/f*(-4)/3 is divided by 7.
4
Suppose 2*x - 23 = -2*q - 9, 0 = -4*q - 3*x + 27. Suppose b + 19 + q = 0. Calculate the remainder when ((-40)/b)/(1/20) is divided by 9.
5
Suppose 4*p + 1374 + 114 = 4*j, -2*p = 4*j - 1494. Suppose -95*f = -100*f + 75. What is the remainder when j is divided by f?
13
Suppose 5*i = 5*j + 678 + 1982, 0 = 8*j + 48. Calculate the remainder when i is divided by 516.
10
Let j(v) = -v**3 - 385*v**2 + 1952*v + 15. Let q(g) = 33*g + 9. What is the remainder when q(11) is divided by j(5)?
22
Suppose 2*d = 4*f - 942, 0 = d - 29 + 24. Let o = 157 - 108. Calculate the remainder when f is divided by o.
42
Calculate the remainder when (47/(-4))/(10/(-100)) + (-110)/(-220) is divided by (2 - 8)*5/(-2).
13
Suppose 0 = 4*z - 5*n - 362, -48*n - 89 = -z - 46*n. What is the remainder when 684 is divided by z?
33
Suppose -3*w + w = -2. Let g be 12/4 - 18*4/(-6). Suppose -g = 7*j - 43. Calculate the remainder when j is divided by w.
0
Let p be 56/22 - (-102)/(-187). Suppose 2*l = -2*v + 7*v - 122, -p*v = -l - 49. Calculate the remainder when 91 is divided by v.
19
Let l = 77875 + -77867. Let j(d) = 6*d**3 - 2*d**2 + 4*d - 3. What is the remainder when j(2) is divided by l?
5
Let t(l) = l**2 + l + 1. Let o = 15 + -11. Let v(a) = 12*a**2 - 3*a - 3. Let s(k) = o*t(k) + v(k). Calculate the remainder when 30 is divided by s(-1).
14
Let r(m) = 5*m - 29. Let l be r(8). Suppose l*q - 32*q = -231. What is the remainder when q is divided by 2?
1
Let l = -35 + 44. Let b = l + 331. Suppose 0 = -4*w + 5*x + 272, 2*x + 2*x = 5*w - b. What is the remainder when w is divided by 14?
12
Let h = -9136 - -9950. What is the remainder when h is divided by 115?
9
Let c = 5471 - 5366. What is the remainder when 279 is divided by c?
69
Calculate the remainder when 893 is divided by (-152)/(-19) - (-26)/(-2) - -20.
8
Let a = -6 - -33. Let x(w) = 4*w - 133. Let o(i) = -2. Let r(v) = o(v) - x(v). What is the remainder when a is divided by r(31)?
6
Let p(r) = -2*r**2 - 7*r + 40. Let z(l) = 3*l**2 + 13*l - 80. Let d(t) = -5*p(t) - 3*z(t). Calculate the remainder when d(-9) is divided by 23.
19
Let v(w) be the second derivative of -w**5/20 - 19*w**4/12 - 14*w**3/3 - 19